 (18/(-4))/((-14)/28). Suppose 0 = 23*w - 24*w + l. What is the greatest common divisor of w and 72?
9
Suppose 6*t - u = t + 71, -30 = -2*t + 2*u. Calculate the highest common divisor of t and 28.
14
Suppose 3*d + 156 = r, 3*d = 3*r + 5*d - 446. What is the highest common divisor of r and 120?
30
Suppose 3*h - 16 = -1. Let q = 51 - h. Let b = 82 - q. What is the greatest common divisor of 4 and b?
4
Let d be 76/(-95) + (-126)/5. Let k be (58/(-4))/(13/d). What is the highest common factor of 203 and k?
29
Let x = -11 + 17. Let z(d) = 2*d + 6. Let i be z(x). What is the highest common factor of 162 and i?
18
Let r(m) = -41*m + 5. Let z be r(2). Let n = z + 101. What is the greatest common factor of n and 60?
12
Suppose -5*x + 1027 = -2*o - 75, -2*o = -4*x + 880. Suppose -5*p + x + 3 = 0. Let j(m) = -9*m + 86. Let g be j(9). What is the highest common factor of g and p?
5
Let d be ((-52)/(-10))/((-1)/(-40)). Let m = -827 + 853. Calculate the highest common factor of m and d.
26
Suppose p + 3*p + 64 = 0. Let v = p - -38. Let a = v + -4. What is the highest common divisor of 18 and a?
18
Let u(k) = k**3 + 21*k**2 - 47*k - 6. Let o be u(-23). What is the highest common divisor of o and 17?
17
Let s(l) = l**3 - 4*l**2 - 4*l + 4. Let w be s(6). Suppose -i + 28 = -50. What is the highest common factor of w and i?
26
Suppose -17*m + 882 = -3*m. What is the greatest common factor of 126 and m?
63
Let z(s) = 3*s**2 + 8. Let k(v) = 8*v**2. Let a be k(-1). Let h be z(a). Suppose -2*n = -7*n + h. What is the greatest common factor of n and 5?
5
Let a(l) = 2*l - 6. Let c be a(8). Let g = c - 6. Let k be (-8)/(-4 + 0) - -6. What is the greatest common divisor of k and g?
4
Suppose 4*x - 146 = -6*r, 11*x + 77 = 3*r + 12*x. Let t = 547 + -250. What is the greatest common factor of r and t?
27
Suppose 11*q - 400 = -26. Calculate the highest common divisor of 391 and q.
17
Suppose 122*w + 819 = 135*w. What is the highest common divisor of 161 and w?
7
Let h be ((-3)/9)/((-1)/3). Let b(s) = 46*s**3 - 3*s + 2. Let w be b(h). Let t be 2/((-39)/w - -1). Calculate the greatest common factor of t and 30.
15
Let f(w) = -w + 4. Let y be f(4). Suppose y = -5*a + 11 + 34. Let b = 22 - 13. Calculate the greatest common factor of b and a.
9
Let h be ((-88)/(-6))/2 + 34/51. What is the greatest common factor of h and 424?
8
Suppose -6 = 19*a - 22*a, 3*a - 90 = -2*q. What is the highest common factor of q and 112?
14
Let r(d) = -4*d**3 + 25*d**2 + d + 4. Let g be r(6). What is the greatest common factor of g and 506?
46
Let b = -105 + 105. Suppose 4*m - 10 = 2*m. Suppose b = -z + m*z - 112. What is the highest common divisor of 4 and z?
4
Suppose -420 = -3*a + 10*a. Let g be (14/6)/((-10)/a). Calculate the highest common factor of 70 and g.
14
Suppose 3*j = 5*r + 389, 0 = 3*j - 4*j + 2*r + 131. Calculate the greatest common divisor of 205 and j.
41
Let t(f) = -f**2 - 4*f - 3. Let h be t(-3). Let r(o) = o**2 + 54. Let m be r(h). Suppose -324 = -3*k - k. Calculate the greatest common factor of k and m.
27
Suppose -o + 145 = -3*s - 361, -o + 509 = -4*s. Calculate the greatest common factor of 71 and o.
71
Let y = -188 + 198. Let h(w) = 70*w. Let u be h(1). What is the greatest common factor of u and y?
10
Suppose -248*v = -198*v - 1500. Let l = -11 + 31. What is the greatest common factor of v and l?
10
Let z = -1613 - -1614. What is the highest common factor of 113 and z?
1
Suppose 32*z - 9588 = -2*z. What is the highest common factor of z and 376?
94
Let y be (-33)/9*(1 - -2). Let l = -7 - y. Let f = 19 - l. What is the highest common factor of f and 105?
15
Let z(k) = k**3 - 12*k**2 + 21*k - 7. Let d be z(10). Calculate the highest common divisor of d and 10.
1
Suppose 0 = 423*h - 426*h + 594. Suppose 38 = 2*d - 2*x, -85 = -4*d - d - 5*x. Calculate the greatest common divisor of d and h.
18
Suppose -6*j = -26 + 2. Suppose -j*c = 5*v - 54, -7*c = 2*v - 2*c - 25. Calculate the highest common factor of v and 10.
10
Let c(i) = -4*i**3 - 3*i + 3. Let j be c(-3). Let b be (-1 + -1)*7/14. Let r be (3/(-6))/(b/30). What is the highest common factor of j and r?
15
Let g = 386 + -140. Suppose 5*u + g = 2*c, -2*c + 154 = -3*u - 4*c. Let n = u - -84. What is the greatest common divisor of n and 85?
17
Suppose 3*g + 0*g = 6, -2*g = -3*o + 680. Suppose 5*j + o = 7*j - 3*a, -2*j - a = -244. What is the highest common factor of j and 30?
30
Suppose 5*y + 3*a = 4*y - 70, 3*a = -2*y - 149. Let s = 103 + y. What is the highest common divisor of 3 and s?
3
Suppose -5*n + 236 + 760 = -u, -n - 3*u + 212 = 0. Calculate the highest common divisor of n and 500.
100
Let s = -83 + 150. What is the highest common factor of s and 737?
67
Suppose 5*k - 9 = 6. Let r be ((k - -14) + -3)/((-2)/(-7)). What is the highest common factor of 7 and r?
7
Let u = -14 - -14. Suppose -4*w + 56 = -q, u = -2*q + w + 34 - 132. Let f = 69 + q. What is the highest common factor of f and 105?
21
Let n = -833 + 864. What is the highest common factor of 1023 and n?
31
Suppose -2*s = -s - 3. Suppose -4*n = -24 + 216. Let q = -27 - n. Calculate the highest common factor of s and q.
3
Suppose -i + 2*k + 0 = -11, 0 = -2*i - 4*k + 6. Let n = 20 - i. Let m(v) = 17*v + 2. Let g be m(6). What is the highest common factor of n and g?
13
Suppose -35*l - 1540 = -40*l. What is the highest common factor of 231 and l?
77
Suppose 253 = 76*u - 1191. Calculate the highest common factor of u and 171.
19
Let p(a) = 11*a**3 - 12*a**2 + 34*a - 21. Let o be p(3). Calculate the highest common factor of o and 240.
30
Let z be 5 + 12/(1 + 2). Suppose -7*s = z*s - 224. What is the highest common factor of s and 112?
14
Suppose 103 - 9 = 4*a - 2*k, 2*k = -5*a + 131. What is the greatest common factor of 2075 and a?
25
Suppose -11*j + 50 = -j. What is the greatest common factor of 135 and j?
5
Let w(y) = -21*y - 6. Let i be w(-5). Calculate the highest common divisor of i and 33.
33
Let t = 59 + -6. What is the highest common factor of 265 and t?
53
Suppose -2*j = 4*f - j - 15, 0 = -5*f + 4*j + 45. Suppose 0 = f*z - 88 + 18. Let p = -31 - -157. What is the highest common divisor of p and z?
14
Let v(o) = -o**3 - 6*o**2 + 12*o - 11. Let m be v(-8). Suppose -16 + 1 = -5*a. Calculate the highest common divisor of m and a.
3
Suppose 0 = 5*d - 3*d - 5*a - 59, a - 47 = -d. What is the highest common factor of d and 6?
6
Let v(w) = 2*w + 7*w - 3*w - 5*w + 6. Let o be v(8). Calculate the greatest common divisor of o and 126.
14
Suppose -v = 4*v - 45. Suppose 0 = -x + 10 - v. Suppose -i - x = -2*i. What is the greatest common factor of i and 4?
1
Let v(w) = 7*w. Let x be v(1). Let z = 0 - -2. Suppose -79 = -z*l + 33. Calculate the greatest common divisor of l and x.
7
Suppose 0 = -2*z - 3*z + 15. Suppose -z*j = -4 - 5. Suppose -j*o = -2*u + 24, u + 3*o = 2*o + 22. What is the highest common factor of u and 162?
18
Let o be (2 - 5 - -2) + 10/1. Let r be -60*o/((-54)/4). Calculate the highest common factor of 5 and r.
5
Let k(m) = -3*m + 3. Let p = 108 - 124. Let a be k(p). Calculate the highest common divisor of a and 17.
17
Let n = 196 + -49. What is the highest common divisor of 42 and n?
21
Let u be 1/2 - (-277)/(-2). Suppose -7*v + 3564 = 11*v. Let w = u + v. What is the highest common factor of 12 and w?
12
Let z(d) = d**2 + 8*d + 7. Let j be z(-1). Let y be (j + 20/15)*(-42)/(-4). What is the highest common divisor of 98 and y?
14
Let t = -46 - -55. Let m(x) = 2*x**2 - 11*x + 57. Let z be m(t). What is the greatest common factor of 30 and z?
30
Suppose -2*p = -3*p + 35. Let t(x) = 12*x - 46. Let l(o) = -o**2 + 10*o - 16. Let y be l(7). Let f be t(y). Calculate the greatest common divisor of p and f.
7
Suppose -633*z = -640*z + 1134. Calculate the highest common divisor of 72 and z.
18
Let i = 31 - 31. Suppose i = -b + 102 + 24. What is the greatest common factor of b and 14?
14
Let m be ((-2)/(-5))/((-4)/(-40)). Suppose m = -4*i - 20. Let f be (-165)/10*8/i. What is the greatest common factor of 33 and f?
11
Let n = -665 + 718. Calculate the greatest common divisor of n and 1.
1
Let b(o) = o**2 - 7*o - 48. Let r be b(12). What is the highest common factor of 24 and r?
12
Let f(d) = -13*d - 4. Suppose -4 = 2*t - 2. Let h be f(t). Calculate the highest co